*2 + 3*y - 8. Let b be w(-5). What is v(b)?
-7
Let v(m) = 4*m + 2. Suppose 5*d - 2 = -2*b - 3, 3*d + 3 = 0. Suppose -b*q + q = 4. What is v(q)?
-14
Let a(x) be the third derivative of x**4/24 - 11*x**3/6 + x**2. Give a(5).
-6
Let x(u) = -161*u + 82*u - u**2 - 4 + 85*u. Give x(5).
1
Let g(w) = -w**2. Let j(s) = 5*s**2 + 9*s - 6. Let a(d) = -6*g(d) - j(d). What is a(7)?
-8
Let l(k) = -k**2 - 2*k - 1. Let h(c) = -c**2 + 9*c - 14. Let m be h(8). Let b(a) = -2*a - 13. Let u be b(m). What is l(u)?
0
Let f = -11 + 5. Let g(q) = 4 - 7*q + 10*q - q**2 - 9*q. Calculate g(f).
4
Let h be (10/1 - (-6)/(-2))/1. Let v(o) = o**2 - 7*o + 3. Calculate v(h).
3
Let v(b) = b. Let s(t) = 1. Let q(o) = -2. Let k(z) = 4*q(z) + 7*s(z). Let f(j) = k(j) + 4*v(j). Suppose -2*p + 2 = -4*p. Give f(p).
-5
Let q(y) = -3 + y**3 - 2*y + 6 - 2. Give q(2).
5
Let h = -8 + 13. Let j(m) = m**2 - 5*m - 4. Let p be j(h). Let f(r) = -r - 3. What is f(p)?
1
Let w(k) = 7 - 2*k**2 + k**2 - 3*k + 0*k**2 + 0*k. Suppose -6 = 3*i + 12. What is w(i)?
-11
Let l(g) be the third derivative of g**5/3 - g**4/24 + 15*g**2. Give l(1).
19
Let g(f) = f - 1. Let x(z) = z**3 - 3*z**2 - 6*z. Let b be x(5). Suppose -2*n + 7*n - b = 0. What is g(n)?
3
Let z(f) = -2*f**3 - f - 1. Let d(j) = 11*j**3 - j**2 - 14*j**3 - 1 + 1. Let r(v) = -3*d(v) + 4*z(v). What is r(-3)?
8
Suppose -b + 4 = 9. Let f(s) be the first derivative of s**5/60 + s**4/6 - s**3/2 + s**2 - 1. Let w(x) be the second derivative of f(x). Give w(b).
2
Let w(y) = y**3 - y**2 - 4. Let b(j) = -j**3 - 3*j**2 + 4*j. Let p be b(-4). Let s = 0 + p. Determine w(s).
-4
Let n(j) be the first derivative of 2*j**3/3 + 5*j**2/2 - 2*j + 17. Suppose -15 + 3 = 3*h. What is n(h)?
10
Let h(x) = -3*x**2 - 1. Let i be h(-1). Suppose 3*q = -4*k + 34, 0*q - q = 5*k - 26. Let f = q + i. Let j(m) = -2*m. Give j(f).
-4
Let r(q) = q**3 + 3*q**2 - 4*q - 5. Suppose 0*l = 4*a + 2*l - 44, -5*l = -a + 22. Suppose -4 = 2*z + a. Let k = 4 + z. Give r(k).
-5
Suppose -z + q + 1 = 0, -5 = 2*z - 5*z + 4*q. Let h(y) be the second derivative of 2*y**3/3 + y. Determine h(z).
-4
Suppose 41*j + 15 = 38*j. Let i(z) = z**2 + 6*z + 2. What is i(j)?
-3
Suppose 14 + 11 = 5*q. Let g(b) = 2*b + 6. Let o(u) = u + 5. Let l(p) = -4*g(p) + 5*o(p). Let k(c) = -7*c + 2. Let i(v) = q*l(v) - 2*k(v). What is i(0)?
1
Let p(a) = 18*a - 1 + 23*a + a**2 - 44*a. Give p(4).
3
Let p(s) = 2*s + 1. Let n(b) = -5*b - 3. Let f(x) = 3*n(x) + 8*p(x). Let v(h) = h. Let u(k) = -2*f(k) + 5*v(k). Give u(-3).
-7
Let i be (-3)/((-4)/((-32)/(-6))). Suppose i*f = 3*j - 19, 3*j + f - 23 = 6*f. Let w(l) be the first derivative of 2*l**3/3 - l**2/2 + l + 1. Determine w(j).
2
Let y(b) = -6*b**2 - 22 + 14 + 7. Calculate y(-1).
-7
Let q = 0 - 0. Let k(h) = 19*h**2 - h. Let j be k(-1). Let u(g) = 23 + 2*g**2 - 3*g**2 - j. Determine u(q).
3
Let u(f) = f - 9. Suppose -3*k - 3*i = 48, -i + 3*i = -k - 19. Let s be k/(-4) + (-3)/(-4). Give u(s).
-5
Let a(c) = 4*c**2 + 3 - 4*c - 2*c**2 - 5*c**2 + 4*c**2. Let n = 15 - 7. Let o be (-36)/n*(-2)/3. What is a(o)?
0
Let y(s) = -7*s - 5. Let k(a) = 11*a + 7. Let l(c) = 5*k(c) + 8*y(c). Determine l(4).
-9
Let z(c) = c**3 + c - 1. Suppose q = -4, 2*d - 3*q + 8*q + 16 = 0. Determine z(d).
9
Let u(y) = y + 5. Let s = -2 - 1. Let j = -7 - s. Calculate u(j).
1
Let a = 16 + -23. Let r be a/(-56) + (-78)/(-16). Let x(w) = -w + 5. Determine x(r).
0
Let s be ((-4)/(-6))/2*3. Suppose 3*b - 16 = 5. Let y(r) = 4 - 4 + 8*r**2 - b*r**2. What is y(s)?
1
Let l(f) = f**3 - 5*f**2 - f. Let s(d) be the second derivative of d**5/20 + d**4/3 + d**3/6 - d**2/2 + 3*d. Let v be s(-3). Suppose u + 0 - v = 0. Give l(u).
-5
Let r = -9 + 5. Let k be -6*(r/(-6) + -1). Let i(z) = z**2 - 4*z + 1. Calculate i(k).
-3
Let x(g) be the second derivative of 0*g**3 - 1/24*g**5 - 1/720*g**6 + g + 1/12*g**4 + 0 + 0*g**2. Let p(t) be the third derivative of x(t). Give p(0).
-5
Let s(g) = -3*g + 7. Let m(f) = 7*f - 1. Let y be m(1). Suppose -3 - y = -3*c. Suppose c*u = 5*o, -5*u + 3 + 10 = -4*o. Give s(u).
-8
Let c = -8 - -7. Let i(o) = 13*o. Calculate i(c).
-13
Let j(k) = 2*k**3 + 4*k**2 - 5*k + 4. Let d(b) = 3*b**3 + 8*b**2 - 9*b + 7. Let v(c) = 3*d(c) - 5*j(c). Calculate v(3).
4
Let b(f) = -f. Let q(m) = 10*m + 4 - 5*m + m**2 + 0*m**2. Let k(g) = b(g) - q(g). Determine k(-5).
1
Let y(n) = n**2 - 4*n - 67 + 128 - 64. Calculate y(4).
-3
Suppose -3*u - 15 = -8*u, -15 = -2*b - 5*u. Let g(t) = -t**3 - t**2 + t + 1. Give g(b).
1
Let p = 2 + 0. Let f(u) = 5*u**2 + 5*u - 2*u**p + 0*u**2 - 1 - 2*u**2. Let x = -4 - 0. Give f(x).
-5
Suppose -2*c - 3*c - 10 = 0. Let t(g) be the third derivative of g**4/8 + g**3/2 - 17*g**2. Calculate t(c).
-3
Let r = -49 - -49. Let h(t) be the second derivative of -t**4/12 + t**3/6 + 9*t**2/2 - t. Give h(r).
9
Let u(r) = r - 1. Let w(f) = 1 + 2*f - 8*f + f. Let v(p) = -11*p + 3. Let c(z) = 6*v(z) - 13*w(z). Let l be c(10). Determine u(l).
-6
Let p(s) = 7*s - s**2 - 2 - 5*s - 2 + 6*s. Calculate p(8).
-4
Let f(r) = r**3 - 3*r**2 + 2*r + 1. Let d = 5 + -3. Suppose -4*c + 2*y = -d, 2*c - 14 = -5*y + 5. What is f(c)?
1
Suppose -4*k - k = 0. Let f be k/(1 + 0)*1. Suppose 5*i - 5*w - 5 = f, -5*i + 2*w + 21 = 4. Let o(g) = g**2 - 5*g + 2. Give o(i).
2
Let l(o) = o - 1. Suppose 2*y = y - 2*w + 5, 2*w - 23 = 5*y. Let t be ((-3)/y)/(4/8). Determine l(t).
1
Let v(w) = -5*w**3 + 11*w**2 - 27*w - 23. Let q(p) = p**3 - 3*p**2 + 7*p + 6. Let i(d) = -9*q(d) - 2*v(d). Calculate i(-6).
10
Let n(a) be the second derivative of -7*a + 0*a**2 + 1/20*a**5 + 2/3*a**3 + 0 - 1/3*a**4. What is n(3)?
3
Suppose 4*o - 26 = -2*v, -5*o - 9 + 34 = -5*v. Let u(r) = r. Give u(o).
6
Let b(q) = q**2 + 9*q + 7. Suppose -4*g + 5*c - 2*c = 39, -3*c + 15 = 0. What is b(g)?
-11
Let b(r) = -r**3 - 5*r**2 - 5*r - 1. Suppose -5*k - 4 = -4*k. Calculate b(k).
3
Let s(x) = 3*x**2 - 8*x - 7. Let o(y) = -2*y**2 + 5*y + 5. Let c(q) = -7*o(q) - 5*s(q). Let k be c(3). Let v(z) = z - 5. Give v(k).
1
Let a(f) = f - 9. Let z be a(4). Let k(q) = -q + 5. Give k(z).
10
Let q(p) be the third derivative of -3/2*p**3 + 1/12*p**4 + 0 - 8*p**2 + 0*p - 1/120*p**6 + 1/10*p**5. What is q(6)?
3
Let w(h) = -h**3 + h**2 + 7. Let q be 13/(-3) + 6/18. Let t = q + 7. Let b = -3 + t. What is w(b)?
7
Suppose 0*g = 2*g - 4. Let b be (2/4)/((-1)/g). Let y(p) = -p. Let a(i) = 14*i + 1. Let t(l) = a(l) + 2*y(l). What is t(b)?
-11
Let i = -10 + 14. Let l(t) = t - 7. Let r(g) = g - 6. Let v(j) = i*r(j) - 3*l(j). What is v(3)?
0
Let k(c) = -c**2 - 16*c + 1. Let j be k(-16). Let a(d) = 12*d**2 - d. Calculate a(j).
11
Let b be (-3)/(-3)*(0 + 2). Let p(q) = 15*q**3 - 13*q**3 + 0 - 3*q - 3 + q**b. Let v be 2 + (7 + 1)/(-2). Give p(v).
-9
Let a(n) be the first derivative of n**4/4 + 5*n**3/3 - 2*n**2 + 8*n - 26. What is a(-6)?
-4
Let u(y) be the first derivative of 3*y - 5 + 3/2*y**2 + 2/3*y**3. Calculate u(-2).
5
Let o be 46/11 + (-10)/55. Let n(i) = -2*i**2 + 4 - o. Let g(m) = m**2 + m + 1. Let z be g(0). Calculate n(z).
-2
Let d = -1 - -4. Let l(t) = d*t - 6*t + 4*t + 7. Let n = -15 + 11. Calculate l(n).
3
Let h(y) = -15 + 4 + 0 + 7*y + 7. Calculate h(3).
17
Suppose -3*w = -5*w + 12. Let q(j) = w*j**2 - 5*j**2 + 0 + 2. Suppose -2*z + 1 = 3*r - 4, 0 = -5*z + r - 13. Calculate q(z).
6
Let x(i) = i**3 - 7*i**2 + 6*i + 5. Let u be x(6). Let l(z) = 2 - u*z + 4*z - 12 + 9. Let j(k) = -k**2 - 10*k - 1. Let g(n) = -j(n) + 5*l(n). Give g(-6).
2
Let d = 15 - 12. Let u(q) = -3 + 14*q**d - 13*q**3 - 4*q + 3*q. Calculate u(0).
-3
Let o = 1 - 2. Let v be 3*(1 - 0/o). Let f(u) = 0*u - u**3 + 4 - 2*u - 2*u**2 + 3*u**2 + v*u. What is f(0)?
4
Let t(w) be the second derivative of 3*w**5/10 + w**4/12 + w**3/6 + w**2/2 + 2*w. Let z be t(-1). Let m(g) = g**3 + 5*g**2 + 2. Give m(z).
2
Let l(a) = a**3 - 8*a**2 + 8*a - 5. Suppose -5*d - 4*x + 31 = 0, -3*d = 2*d - 4*x - 39. Calculate l(d).
2
Let c(j) = -2*j + 8. Suppose 4*w - 22 - 2 = 0. What is c(w)?
-4
Let x(y) = 8*y**3 + y - 1. Let o(a) = -a - 3. Let k be o(-4). Calculate x(k).
8
Let j = 5 - -1. Let c(f) = 5*f**2 + 5*f - 3 - 3 + j + f**3 - 3. What is c(-4)?
-7
Let t be (-2)/(-9) - 16/(-9). Let c(k) = -k**2 + 0*k - 2 + 2*k**t + k - 3. Give c(0).
-5
Let j(z) = -3*z + 7. Let m = -8 + 16. Let b = m - 3. What is j(b)?
-8
Let n(s) = s**3 - 1. Suppose 0*q - 65 = 5